{"id":259,"date":"2025-03-10T20:05:44","date_gmt":"2025-03-10T19:05:44","guid":{"rendered":"https:\/\/www.utopiques.com\/?page_id=259"},"modified":"2025-08-15T16:28:11","modified_gmt":"2025-08-15T14:28:11","slug":"ateliers-masques","status":"publish","type":"page","link":"https:\/\/www.utopiques.com\/index.php\/ateliers-masques\/","title":{"rendered":"Ateliers Impro et Masques"},"content":{"rendered":"\n<p>Nous travaillons avec Mario Gonzalez, grand ma\u00eetre du masque, depuis 2019, et proposons plusieurs spectacles dans ce cadre, ainsi qu&rsquo;une s\u00e9rie d&rsquo;<strong>ateliers improvisation et masques<\/strong>. <br><br>Nous utilisons l&rsquo;impro et le masque en tant qu&rsquo;outils pour les participant\u00b7es pour r\u00e9veiller le plaisir du jeu, l&rsquo;appropriation de l&rsquo;espace et de la parole et la confiance en soi.<\/p>\n\n\n\n<blockquote class=\"wp-block-quote is-layout-flow wp-block-quote-is-layout-flow\">\n<p>Nos ateliers amateurs<\/p>\n<\/blockquote>\n\n\n\n<details class=\"wp-block-details is-layout-flow wp-block-details-is-layout-flow\"><summary><em><em><em><em>Atelier d\u00e9couverte impro et jeu masqu\u00e9<\/em><\/em><\/em><\/em><\/summary>\n<p>Un atelier \u00e0 destination des amateurs, ouvert \u00e0 des d\u00e9butants. Cet atelier propose aux participants de partir \u00e0 la d\u00e9couverte de leur corps et de leur voix de mani\u00e8re ludique, par l&rsquo;improvisation et le jeu du masque th\u00e9\u00e2tral, afin de d\u00e9velopper leur imaginaire et leur perception du monde en utilisant leur corps, leur voix et en jouant avec leurs \u00e9motions. Nous utiliserons des exercices de cabaret d&rsquo;impro, de masques neutres, des masques larvaires et des masques de Commedia. Cet atelier peut \u00eatre suivi d\u2019une restitution.<\/p>\n<\/details>\n\n\n\n<details class=\"wp-block-details is-layout-flow wp-block-details-is-layout-flow\"><summary><em><em><em><em><em>Atelier amateur Ch\u0153ur masqu\u00e9<\/em><\/em><\/em><\/em><\/em><\/summary>\n<p>Un atelier \u00e0 destination d\u2019un public amateur qui a envie de d\u00e9couvrir le travail du ch\u0153ur masqu\u00e9. Cet atelier peut \u00eatre r\u00e9alis\u00e9 pour le plaisir ou dans un cadre de d\u00e9veloppement personnel, afin de trouver en soi le calme et le plaisir du jeu, et la bienveillance. Il se r\u00e9alise en groupe, sans masques, puis avec des masques neutres.<\/p>\n<\/details>\n\n\n\n<details class=\"wp-block-details is-layout-flow wp-block-details-is-layout-flow\"><summary><em><em><em><em><em>Ateliers de cr\u00e9ation de masques<\/em><\/em><\/em><\/em><\/em><\/summary>\n<p>Dans le cadre de ces ateliers \u00e0 la table, chaque participant\u00b7e va cr\u00e9er son propre masque, avec une \u00e9tape possible de moulage (soit sur le visage, soit avec une cr\u00e9ation en terre), et une \u00e9tape de mise en peinture. Cet atelier permet de s\u2019exprimer et de r\u00e9aliser une \u0153uvre artistique. Il peut \u00eatre suivi d\u2019une exposition des masques, ou d\u2019un atelier d\u2019utilisation de ceux-ci.<\/p>\n<\/details>\n\n\n\n<blockquote class=\"wp-block-quote is-layout-flow wp-block-quote-is-layout-flow\">\n<p>Informations et conditions techniques<\/p>\n<\/blockquote>\n\n\n\n<p>Nos propositions d\u2019atelier sont adaptable en fonction des espaces, des temporalit\u00e9s et des publics. Nos conditions de travail id\u00e9ales sont les suivantes :<\/p>\n\n\n\n<ul class=\"wp-block-list\">\n<li>un espace vide avec un sol souple (parquet ou lino), sans miroirs, pour travailler sur l\u2019espace et le mouvement<\/li>\n\n\n\n<li>un espace avec des tables et des chaises et un point d&rsquo;eau pour les ateliers de cr\u00e9ation de masques<\/li>\n\n\n\n<li>Un temps de rencontre de 1h30 \u00e0 2h \u00e0 chaque atelier, minimum 3 s\u00e9ances<\/li>\n\n\n\n<li>Un temps d\u2019\u00e9change avec l\u2019\u00e9quipe encadrante avant les ateliers (pour d\u00e9finir les enjeux du groupe (programme scolaire ou besoin du groupe), les sp\u00e9cificit\u00e9s du public, le nombre de participants, les lieux d\u2019accueil, et les dates des rencontres)<\/li>\n<\/ul>\n\n\n\n<p>Nous pouvons nous adapter en fonction des lieux et des publics et nous sommes int\u00e9ress\u00e9s pour rencontrer tout type de public. Nos ateliers se cr\u00e9ent avec les participants, et nous sommes heureux de faire des rencontres originales et nouvelles.<\/p>\n\n\n\n<p>Mat\u00e9riel demand\u00e9 sur place : tenue souple pour les participants, mat\u00e9riel de dessin et peinture, bouteilles d\u2019eau ou acc\u00e8s eau potable, toilettes.<\/p>\n","protected":false},"excerpt":{"rendered":"<p>Nous travaillons avec Mario Gonzalez, grand ma\u00eetre du masque, depuis 2019, et proposons plusieurs spectacles dans ce cadre, ainsi qu&rsquo;une s\u00e9rie d&rsquo;ateliers improvisation et masques. Nous utilisons l&rsquo;impro et le masque en tant qu&rsquo;outils pour les participant\u00b7es pour r\u00e9veiller le plaisir du jeu, l&rsquo;appropriation de l&rsquo;espace et de la parole et la confiance en soi. [&hellip;]<\/p>\n","protected":false},"author":1,"featured_media":0,"parent":0,"menu_order":0,"comment_status":"closed","ping_status":"closed","template":"","meta":{"footnotes":""},"class_list":["post-259","page","type-page","status-publish","hentry"],"_links":{"self":[{"href":"https:\/\/www.utopiques.com\/index.php\/wp-json\/wp\/v2\/pages\/259","targetHints":{"allow":["GET"]}}],"collection":[{"href":"https:\/\/www.utopiques.com\/index.php\/wp-json\/wp\/v2\/pages"}],"about":[{"href":"https:\/\/www.utopiques.com\/index.php\/wp-json\/wp\/v2\/types\/page"}],"author":[{"embeddable":true,"href":"https:\/\/www.utopiques.com\/index.php\/wp-json\/wp\/v2\/users\/1"}],"replies":[{"embeddable":true,"href":"https:\/\/www.utopiques.com\/index.php\/wp-json\/wp\/v2\/comments?post=259"}],"version-history":[{"count":4,"href":"https:\/\/www.utopiques.com\/index.php\/wp-json\/wp\/v2\/pages\/259\/revisions"}],"predecessor-version":[{"id":592,"href":"https:\/\/www.utopiques.com\/index.php\/wp-json\/wp\/v2\/pages\/259\/revisions\/592"}],"wp:attachment":[{"href":"https:\/\/www.utopiques.com\/index.php\/wp-json\/wp\/v2\/media?parent=259"}],"curies":[{"name":"wp","href":"https:\/\/api.w.org\/{rel}","templated":true}]}}

<p>Nous travaillons avec Mario Gonzalez, grand maître du masque, depuis 2019, et proposons plusieurs spectacles dans ce cadre, ainsi qu&rsquo;une série d&rsquo;<strong>ateliers improvisation et masques</strong>. <br><br>Nous utilisons l&rsquo;impro et le masque en tant qu&rsquo;outils pour les participant·es pour réveiller le plaisir du jeu, l&rsquo;appropriation de l&rsquo;espace et de la parole et la confiance en soi.</p>



<blockquote class="wp-block-quote is-layout-flow wp-block-quote-is-layout-flow">
<p>Nos ateliers amateurs</p>
</blockquote>



<details class="wp-block-details is-layout-flow wp-block-details-is-layout-flow"><summary><em><em><em><em>Atelier découverte impro et jeu masqué</em></em></em></em></summary>
<p>Un atelier à destination des amateurs, ouvert à des débutants. Cet atelier propose aux participants de partir à la découverte de leur corps et de leur voix de manière ludique, par l&rsquo;improvisation et le jeu du masque théâtral, afin de développer leur imaginaire et leur perception du monde en utilisant leur corps, leur voix et en jouant avec leurs émotions. Nous utiliserons des exercices de cabaret d&rsquo;impro, de masques neutres, des masques larvaires et des masques de Commedia. Cet atelier peut être suivi d’une restitution.</p>
</details>



<details class="wp-block-details is-layout-flow wp-block-details-is-layout-flow"><summary><em><em><em><em><em>Atelier amateur Chœur masqué</em></em></em></em></em></summary>
<p>Un atelier à destination d’un public amateur qui a envie de découvrir le travail du chœur masqué. Cet atelier peut être réalisé pour le plaisir ou dans un cadre de développement personnel, afin de trouver en soi le calme et le plaisir du jeu, et la bienveillance. Il se réalise en groupe, sans masques, puis avec des masques neutres.</p>
</details>



<details class="wp-block-details is-layout-flow wp-block-details-is-layout-flow"><summary><em><em><em><em><em>Ateliers de création de masques</em></em></em></em></em></summary>
<p>Dans le cadre de ces ateliers à la table, chaque participant·e va créer son propre masque, avec une étape possible de moulage (soit sur le visage, soit avec une création en terre), et une étape de mise en peinture. Cet atelier permet de s’exprimer et de réaliser une œuvre artistique. Il peut être suivi d’une exposition des masques, ou d’un atelier d’utilisation de ceux-ci.</p>
</details>



<blockquote class="wp-block-quote is-layout-flow wp-block-quote-is-layout-flow">
<p>Informations et conditions techniques</p>
</blockquote>



<p>Nos propositions d’atelier sont adaptable en fonction des espaces, des temporalités et des publics. Nos conditions de travail idéales sont les suivantes :</p>



<ul class="wp-block-list">
<li>un espace vide avec un sol souple (parquet ou lino), sans miroirs, pour travailler sur l’espace et le mouvement</li>



<li>un espace avec des tables et des chaises et un point d&rsquo;eau pour les ateliers de création de masques</li>



<li>Un temps de rencontre de 1h30 à 2h à chaque atelier, minimum 3 séances</li>



<li>Un temps d’échange avec l’équipe encadrante avant les ateliers (pour définir les enjeux du groupe (programme scolaire ou besoin du groupe), les spécificités du public, le nombre de participants, les lieux d’accueil, et les dates des rencontres)</li>
</ul>



<p>Nous pouvons nous adapter en fonction des lieux et des publics et nous sommes intéressés pour rencontrer tout type de public. Nos ateliers se créent avec les participants, et nous sommes heureux de faire des rencontres originales et nouvelles.</p>



<p>Matériel demandé sur place : tenue souple pour les participants, matériel de dessin et peinture, bouteilles d’eau ou accès eau potable, toilettes.</p>

<p>Nous travaillons avec Mario Gonzalez, grand maître du masque, depuis 2019, et proposons plusieurs spectacles dans ce cadre, ainsi qu&rsquo;une série d&rsquo;ateliers improvisation et masques. Nous utilisons l&rsquo;impro et le masque en tant qu&rsquo;outils pour les participant·es pour réveiller le plaisir du jeu, l&rsquo;appropriation de l&rsquo;espace et de la parole et la confiance en soi. [&hellip;]</p>
